{"id":595,"date":"2024-05-12T12:37:23","date_gmt":"2024-05-12T12:37:23","guid":{"rendered":"https:\/\/afgrc.com\/?page_id=595"},"modified":"2024-08-16T19:03:27","modified_gmt":"2024-08-16T19:03:27","slug":"kadromuz","status":"publish","type":"page","link":"https:\/\/afgrc.com\/index.php\/tr\/kadromuz\/","title":{"rendered":""},"content":{"rendered":"\t\t<div data-elementor-type=\"wp-page\" data-elementor-id=\"595\" class=\"elementor elementor-595\">\n\t\t\t\t<div class=\"elementor-element elementor-element-2e5aff8 e-flex e-con-boxed e-con e-parent\" data-id=\"2e5aff8\" data-element_type=\"container\">\n\t\t\t\t\t<div class=\"e-con-inner\">\n\t\t\t\t<div class=\"elementor-element elementor-element-78b6b28 elementor-widget elementor-widget-wpspeedo_team\" data-id=\"78b6b28\" data-element_type=\"widget\" data-widget_type=\"wpspeedo_team.default\">\n\t\t\t\t<div class=\"elementor-widget-container\">\n\t\t\t\t\t\n<div data-widget-id=\"1\" id=\"wps-widget--team-1\" style=\"visibility: hidden; opacity: 0\" class=\"wps-container wps-widget wps-widget--team wps-team-theme--square-01 wps-team--type-grid wps-team-card-action--single-page wps-team--social-hover-up wps-team--thumbnail-shad\">\n    \n    \n    <div class=\"wps-container--inner\">\n\n                \n        \n            <div class=\"wps-row\">\n\n                \n                                \n                    <div class=\"wps-col wps-widget--item wps-widget--item-66 \">\n                        <div class=\"wpspeedo-team--single\">\n                            <div class=\"wps-team--single-inner\">\n                                \n                                <div class=\"team-member--thumbnail-wrapper wps-team--member-element\"><div class=\"team-member--thumbnail\"><a href=\"https:\/\/afgrc.com\/index.php\/wps-members\/nematullah-habibi\/\" class=\"wpspeedo-team--url\" aria-label=\"Read More about Nematullah Habibi.\"><img fetchpriority=\"high\" decoding=\"async\" width=\"1536\" height=\"1536\" src=\"https:\/\/afgrc.com\/wp-content\/uploads\/2024\/03\/2023-09-20-22-55-08-055-1536x1536-1.jpg\" class=\"attachment- size- wp-post-image\" alt=\"\" srcset=\"https:\/\/afgrc.com\/wp-content\/uploads\/2024\/03\/2023-09-20-22-55-08-055-1536x1536-1.jpg 1536w, https:\/\/afgrc.com\/wp-content\/uploads\/2024\/03\/2023-09-20-22-55-08-055-1536x1536-1-300x300.jpg 300w, https:\/\/afgrc.com\/wp-content\/uploads\/2024\/03\/2023-09-20-22-55-08-055-1536x1536-1-1024x1024.jpg 1024w, https:\/\/afgrc.com\/wp-content\/uploads\/2024\/03\/2023-09-20-22-55-08-055-1536x1536-1-150x150.jpg 150w, https:\/\/afgrc.com\/wp-content\/uploads\/2024\/03\/2023-09-20-22-55-08-055-1536x1536-1-768x768.jpg 768w\" sizes=\"(max-width: 1536px) 100vw, 1536px\" \/><\/a><\/div><\/div><h3 class=\"wps-team--member-title wps-team--member-element team-member--link\"><a href=\"https:\/\/afgrc.com\/index.php\/wps-members\/nematullah-habibi\/\" class=\"wpspeedo-team--url\">Nematullah Habibi<\/a><\/h3><h4 class=\"wps-team--member-desig wps-team--member-element\">Genel koordinat\u00f6r<\/h4><div class=\"wps-team--divider-wrapper wps-team--member-element\"><div class=\"wps-team--divider\"><\/div><\/div><div class=\"wps-team--member-details wps-team--member-details-excerpt wps-team--member-element\"><p>1997 y\u0131l\u0131nda Afganistan\u2019\u0131n Faryab vilayetinin Andhoy il\u00e7esinde d\u00fcnyaya gelmi\u015ftir. \u0130lkokul, ortaokul ve lise e\u011f...<\/p>\n<\/div><div class=\"wps-team--member-s-links wps-team--member-element\">\n\t\t\t<ul class=\"wps--social-links wps-si--shape-circle wps-si--b-bg-color wps-si--b-bg-color--hover wps-si--b-br-color wps-si--b-br-color--hover\">\n\t\t\t\t<li class=\"wps-si--linkedin\">\n\t\t\t\t\t<a href=\"http:\/\/linkedin.com\/in\/nematullahhabibi\/\" aria-label=\"Social Link\" rel=\"nofollow noopener noreferrer\" target=\"_blank\"><i class=\"fab fa-linkedin\"><\/i><\/a>\n\t\t\t\t<\/li>\t\t\t<\/ul>\n\n\t\t<\/div>\n                            <\/div>\n                        <\/div>\n                    <\/div>\n\n                    \n                \n                                \n                    <div class=\"wps-col wps-widget--item wps-widget--item-73\">\n                        <div class=\"wpspeedo-team--single\">\n                            <div class=\"wps-team--single-inner\">\n                                \n                                <div class=\"team-member--thumbnail-wrapper wps-team--member-element\"><div class=\"team-member--thumbnail\"><a href=\"https:\/\/afgrc.com\/index.php\/wps-members\/zohal-bigzada\/\" class=\"wpspeedo-team--url\" aria-label=\"Read More about Zohal Bigzada.\"><img decoding=\"async\" width=\"1192\" height=\"864\" src=\"https:\/\/afgrc.com\/wp-content\/uploads\/2024\/03\/Zuhal-Bigzade--e1716658611672.jpg\" class=\"attachment- size- wp-post-image\" alt=\"\" srcset=\"https:\/\/afgrc.com\/wp-content\/uploads\/2024\/03\/Zuhal-Bigzade--e1716658611672.jpg 1192w, https:\/\/afgrc.com\/wp-content\/uploads\/2024\/03\/Zuhal-Bigzade--e1716658611672-300x217.jpg 300w, https:\/\/afgrc.com\/wp-content\/uploads\/2024\/03\/Zuhal-Bigzade--e1716658611672-1024x742.jpg 1024w, https:\/\/afgrc.com\/wp-content\/uploads\/2024\/03\/Zuhal-Bigzade--e1716658611672-768x557.jpg 768w\" sizes=\"(max-width: 1192px) 100vw, 1192px\" \/><\/a><\/div><\/div><h3 class=\"wps-team--member-title wps-team--member-element team-member--link\"><a href=\"https:\/\/afgrc.com\/index.php\/wps-members\/zohal-bigzada\/\" class=\"wpspeedo-team--url\">Zohal Bigzada<\/a><\/h3><h4 class=\"wps-team--member-desig wps-team--member-element\">E\u011fitim koordinat\u00f6r\u00fc<\/h4><div class=\"wps-team--divider-wrapper wps-team--member-element\"><div class=\"wps-team--divider\"><\/div><\/div><div class=\"wps-team--member-details wps-team--member-details-excerpt wps-team--member-element\"><p>Zohal Bigzada, Afganistan\u2019\u0131n Faryab ilinde d\u00fcnyaya gelmi\u015ftir. \u0130lkokul, ortaokul ve liseyi Andhoy \u015fehrinin SHAH...<\/p>\n<\/div>\n                            <\/div>\n                        <\/div>\n                    <\/div>\n\n                    \n                \n                                \n                    <div class=\"wps-col wps-widget--item wps-widget--item-74 \">\n                        <div class=\"wpspeedo-team--single\">\n                            <div class=\"wps-team--single-inner\">\n                                \n                                <div class=\"team-member--thumbnail-wrapper wps-team--member-element\"><div class=\"team-member--thumbnail\"><a href=\"https:\/\/afgrc.com\/index.php\/wps-members\/busra-demir\/\" class=\"wpspeedo-team--url\" aria-label=\"Read More about B\u00fc\u015fra Demir.\"><img decoding=\"async\" width=\"1140\" height=\"1314\" src=\"https:\/\/afgrc.com\/wp-content\/uploads\/2024\/03\/Busra-demir-scaled-e1716658488135.jpg\" class=\"attachment- size- wp-post-image\" alt=\"\" srcset=\"https:\/\/afgrc.com\/wp-content\/uploads\/2024\/03\/Busra-demir-scaled-e1716658488135.jpg 1140w, https:\/\/afgrc.com\/wp-content\/uploads\/2024\/03\/Busra-demir-scaled-e1716658488135-260x300.jpg 260w, https:\/\/afgrc.com\/wp-content\/uploads\/2024\/03\/Busra-demir-scaled-e1716658488135-888x1024.jpg 888w, https:\/\/afgrc.com\/wp-content\/uploads\/2024\/03\/Busra-demir-scaled-e1716658488135-768x885.jpg 768w\" sizes=\"(max-width: 1140px) 100vw, 1140px\" \/><\/a><\/div><\/div><h3 class=\"wps-team--member-title wps-team--member-element team-member--link\"><a href=\"https:\/\/afgrc.com\/index.php\/wps-members\/busra-demir\/\" class=\"wpspeedo-team--url\">B\u00fc\u015fra Demir<\/a><\/h3><h4 class=\"wps-team--member-desig wps-team--member-element\">Edit\u00f6r<\/h4><div class=\"wps-team--divider-wrapper wps-team--member-element\"><div class=\"wps-team--divider\"><\/div><\/div><div class=\"wps-team--member-details wps-team--member-details-excerpt wps-team--member-element\"><p>\u0130stanbul\u2019da do\u011fdu. \u0130lkokul, orta okul ve liseyi \u0130stanbul\u2019da okudu. Bolu Abant \u0130zzet Baysal \u00dcniversitesi M\u00fchend...<\/p>\n<\/div>\n                            <\/div>\n                        <\/div>\n                    <\/div>\n\n                    \n                \n                                \n                    <div class=\"wps-col wps-widget--item wps-widget--item-75 \">\n                        <div class=\"wpspeedo-team--single\">\n                            <div class=\"wps-team--single-inner\">\n                                \n                                <div class=\"team-member--thumbnail-wrapper wps-team--member-element\"><div class=\"team-member--thumbnail\"><a href=\"https:\/\/afgrc.com\/index.php\/wps-members\/abdul-satar-kawa\/\" class=\"wpspeedo-team--url\" aria-label=\"Read More about Abdul Satar KAWA.\"><img loading=\"lazy\" decoding=\"async\" width=\"1440\" height=\"952\" src=\"https:\/\/afgrc.com\/wp-content\/uploads\/2024\/03\/Satar-.jpg\" class=\"attachment- size- wp-post-image\" alt=\"\" srcset=\"https:\/\/afgrc.com\/wp-content\/uploads\/2024\/03\/Satar-.jpg 1440w, https:\/\/afgrc.com\/wp-content\/uploads\/2024\/03\/Satar--300x198.jpg 300w, https:\/\/afgrc.com\/wp-content\/uploads\/2024\/03\/Satar--1024x677.jpg 1024w, https:\/\/afgrc.com\/wp-content\/uploads\/2024\/03\/Satar--768x508.jpg 768w\" sizes=\"(max-width: 1440px) 100vw, 1440px\" \/><\/a><\/div><\/div><h3 class=\"wps-team--member-title wps-team--member-element team-member--link\"><a href=\"https:\/\/afgrc.com\/index.php\/wps-members\/abdul-satar-kawa\/\" class=\"wpspeedo-team--url\">Abdul Satar KAWA<\/a><\/h3><h4 class=\"wps-team--member-desig wps-team--member-element\">Y\u00f6netim Kurulu Ba\u015fkan Yard\u0131mc\u0131s\u0131<\/h4><div class=\"wps-team--divider-wrapper wps-team--member-element\"><div class=\"wps-team--divider\"><\/div><\/div><div class=\"wps-team--member-details wps-team--member-details-excerpt wps-team--member-element\"><p>1999 y\u0131l\u0131nda Afganistan\u2019da d\u00fcnyaya gelmi\u015ftir. 2018 y\u0131l\u0131nda T\u00fcrkiye Burslar\u0131 arac\u0131l\u0131\u011f\u0131yla Uluslararas\u0131 \u0130li\u015fkile...<\/p>\n<\/div>\n                            <\/div>\n                        <\/div>\n                    <\/div>\n\n                    \n                \n                                \n                    <div class=\"wps-col wps-widget--item wps-widget--item-76 \">\n                        <div class=\"wpspeedo-team--single\">\n                            <div class=\"wps-team--single-inner\">\n                                \n                                <div class=\"team-member--thumbnail-wrapper wps-team--member-element\"><div class=\"team-member--thumbnail\"><a href=\"https:\/\/afgrc.com\/index.php\/wps-members\/farzin-oighoon\/\" class=\"wpspeedo-team--url\" aria-label=\"Read More about Farzin Oighoon.\"><img loading=\"lazy\" decoding=\"async\" width=\"1658\" height=\"2060\" src=\"https:\/\/afgrc.com\/wp-content\/uploads\/2024\/03\/Farzin-d-e1716658210823.png\" class=\"attachment- size- wp-post-image\" alt=\"\" srcset=\"https:\/\/afgrc.com\/wp-content\/uploads\/2024\/03\/Farzin-d-e1716658210823.png 1658w, https:\/\/afgrc.com\/wp-content\/uploads\/2024\/03\/Farzin-d-e1716658210823-241x300.png 241w, https:\/\/afgrc.com\/wp-content\/uploads\/2024\/03\/Farzin-d-e1716658210823-824x1024.png 824w, https:\/\/afgrc.com\/wp-content\/uploads\/2024\/03\/Farzin-d-e1716658210823-768x954.png 768w, https:\/\/afgrc.com\/wp-content\/uploads\/2024\/03\/Farzin-d-e1716658210823-1236x1536.png 1236w, https:\/\/afgrc.com\/wp-content\/uploads\/2024\/03\/Farzin-d-e1716658210823-1648x2048.png 1648w\" sizes=\"(max-width: 1658px) 100vw, 1658px\" \/><\/a><\/div><\/div><h3 class=\"wps-team--member-title wps-team--member-element team-member--link\"><a href=\"https:\/\/afgrc.com\/index.php\/wps-members\/farzin-oighoon\/\" class=\"wpspeedo-team--url\">Farzin Oighoon<\/a><\/h3><h4 class=\"wps-team--member-desig wps-team--member-element\">Y\u00f6netim Kurulu Ba\u015fkan\u0131<\/h4><div class=\"wps-team--divider-wrapper wps-team--member-element\"><div class=\"wps-team--divider\"><\/div><\/div><div class=\"wps-team--member-details wps-team--member-details-excerpt wps-team--member-element\"><p>Afganistan&#8217;da d\u00fcnyaya gelen Farzin Oighoon, 2022 y\u0131l\u0131nda T\u00fcrkiye Burslar\u0131 \u00f6\u011frencisi olarak Bolu Abant \u0130z...<\/p>\n<\/div>\n                            <\/div>\n                        <\/div>\n                    <\/div>\n\n                    \n                \n                                \n                    <div class=\"wps-col wps-widget--item wps-widget--item-77 \">\n                        <div class=\"wpspeedo-team--single\">\n                            <div class=\"wps-team--single-inner\">\n                                \n                                <div class=\"team-member--thumbnail-wrapper wps-team--member-element\"><div class=\"team-member--thumbnail\"><a href=\"https:\/\/afgrc.com\/index.php\/wps-members\/hassina-azizi\/\" class=\"wpspeedo-team--url\" aria-label=\"Read More about Hassina Azizi.\"><img loading=\"lazy\" decoding=\"async\" width=\"887\" height=\"980\" src=\"https:\/\/afgrc.com\/wp-content\/uploads\/2024\/03\/Hassina-23-kopya.jpg\" class=\"attachment- size- wp-post-image\" alt=\"\" srcset=\"https:\/\/afgrc.com\/wp-content\/uploads\/2024\/03\/Hassina-23-kopya.jpg 887w, https:\/\/afgrc.com\/wp-content\/uploads\/2024\/03\/Hassina-23-kopya-272x300.jpg 272w, https:\/\/afgrc.com\/wp-content\/uploads\/2024\/03\/Hassina-23-kopya-768x849.jpg 768w\" sizes=\"(max-width: 887px) 100vw, 887px\" \/><\/a><\/div><\/div><h3 class=\"wps-team--member-title wps-team--member-element team-member--link\"><a href=\"https:\/\/afgrc.com\/index.php\/wps-members\/hassina-azizi\/\" class=\"wpspeedo-team--url\">Hassina Azizi<\/a><\/h3><h4 class=\"wps-team--member-desig wps-team--member-element\">Sosyal ve K\u00fclt\u00fcrel \u00c7al\u0131\u015fmalar Koordinat\u00f6r\u00fc<\/h4><div class=\"wps-team--divider-wrapper wps-team--member-element\"><div class=\"wps-team--divider\"><\/div><\/div><div class=\"wps-team--member-details wps-team--member-details-excerpt wps-team--member-element\"><p>Afganistan\u2019da d\u00fcnyaya geldi. \u0130lkokul, ortaokul ve liseyi Afganistan\u2019da tamamlad\u0131. 2019 y\u0131l\u0131nda T\u00fcrkiye\u2019ye gele...<\/p>\n<\/div>\n                            <\/div>\n                        <\/div>\n                    <\/div>\n\n                    \n                \n                                \n                    <div class=\"wps-col wps-widget--item wps-widget--item-774 \">\n                        <div class=\"wpspeedo-team--single\">\n                            <div class=\"wps-team--single-inner\">\n                                \n                                <div class=\"team-member--thumbnail-wrapper wps-team--member-element\"><div class=\"team-member--thumbnail\"><a href=\"https:\/\/afgrc.com\/index.php\/wps-members\/farhat-diba-anwari-2\/\" class=\"wpspeedo-team--url\" aria-label=\"Read More about Farhat Diba Anwari.\"><img loading=\"lazy\" decoding=\"async\" width=\"380\" height=\"380\" src=\"https:\/\/afgrc.com\/wp-content\/uploads\/2024\/07\/1.jpg\" class=\"attachment- size- wp-post-image\" alt=\"\" srcset=\"https:\/\/afgrc.com\/wp-content\/uploads\/2024\/07\/1.jpg 380w, https:\/\/afgrc.com\/wp-content\/uploads\/2024\/07\/1-300x300.jpg 300w, https:\/\/afgrc.com\/wp-content\/uploads\/2024\/07\/1-150x150.jpg 150w\" sizes=\"(max-width: 380px) 100vw, 380px\" \/><\/a><\/div><\/div><h3 class=\"wps-team--member-title wps-team--member-element team-member--link\"><a href=\"https:\/\/afgrc.com\/index.php\/wps-members\/farhat-diba-anwari-2\/\" class=\"wpspeedo-team--url\">Farhat Diba Anwari<\/a><\/h3><h4 class=\"wps-team--member-desig wps-team--member-element\">Afganistan Temsilcisi<\/h4><div class=\"wps-team--divider-wrapper wps-team--member-element\"><div class=\"wps-team--divider\"><\/div><\/div><div class=\"wps-team--member-details wps-team--member-details-excerpt wps-team--member-element\"><p>Aslen Afganistan\u2019\u0131n Badah\u015fan vilayetinden olan Farhat Diba, 2001 y\u0131l\u0131nda Kabil vilayetinde d\u00fcnyaya geldi. \u0130lko...<\/p>\n<\/div>\n                            <\/div>\n                        <\/div>\n                    <\/div>\n\n                    \n                        \n            <\/div>\n\n        \n                \n        <div class=\"wps-team--not-found-wrapper\">\n            <div class=\"wps-team--not-found\">No Results Found<\/div>\n        <\/div>\n\n        \n    <\/div>\n\n        \n<\/div>\t\t\t\t<\/div>\n\t\t\t\t<\/div>\n\t\t\t\t\t<\/div>\n\t\t\t\t<\/div>\n\t\t\t\t<\/div>\n\t\t","protected":false},"excerpt":{"rendered":"<p>Only Admin &#038; Editor can see this link \u0639\u0628\u062f\u0627\u0644\u0633\u062a\u0627\u0631 \u06a9\u0627\u0648\u0647 \u0639\u0636\u0648 \u00a0\u062f\u0631 \u0633\u0627\u0644 1999 \u062f\u0631 \u0627\u0641\u063a\u0627\u0646\u0633\u062a\u0627\u0646 \u0686\u0634\u0645 \u0628\u0647 \u062c\u0647\u0627\u0646 \u06af\u0634\u0648\u062f\u0647 \u0627\u0633\u062a. \u0648\u06cc \u062f\u0631 \u0633\u0627\u0644 2018 \u0627\u0632 \u0637\u0631\u06cc\u0642 \u0628\u0648\u0631\u0633\u06cc\u0647\u200c\u0647\u0627\u06cc \u062f\u0648\u0644\u062a\u06cc \u06a9\u0634\u0648\u0631 \u062a\u0631\u06a9\u06cc\u0647 \u0639\u0627\u0632\u0645 \u0622\u0646 \u06a9\u0634&#8230; \u0641\u0631\u062d\u062a \u062f\u06cc\u0628\u0627 \u0627\u0646\u0648\u0631\u06cc \u0646\u0645\u0627\u06cc\u0646\u062f\u0647 \u0645\u0631\u06a9\u0632 \u062f\u0631 \u0627\u0641\u063a\u0627\u0646\u0633\u062a\u0627\u0646 \u00a0\u0627\u0635\u0644\u0627 \u0627\u0632 \u0648\u0644\u0627\u06cc\u062a \u0628\u062f\u062e\u0634\u0627\u0646 \u0628\u0648\u062f\u0647\u060c \u062f\u0631 \u0633\u0627\u0644 2001 \u062f\u0631 \u0648\u0644\u0627\u06cc\u062a \u06a9\u0627\u0628\u0644 \u0628\u0647 \u062f\u0646\u06cc\u0627 \u0622\u0645\u062f\u0647&#8230;<\/p>\n","protected":false},"author":1,"featured_media":0,"parent":0,"menu_order":0,"comment_status":"closed","ping_status":"closed","template":"","meta":{"footnotes":""},"_links":{"self":[{"href":"https:\/\/afgrc.com\/index.php\/wp-json\/wp\/v2\/pages\/595"}],"collection":[{"href":"https:\/\/afgrc.com\/index.php\/wp-json\/wp\/v2\/pages"}],"about":[{"href":"https:\/\/afgrc.com\/index.php\/wp-json\/wp\/v2\/types\/page"}],"author":[{"embeddable":true,"href":"https:\/\/afgrc.com\/index.php\/wp-json\/wp\/v2\/users\/1"}],"replies":[{"embeddable":true,"href":"https:\/\/afgrc.com\/index.php\/wp-json\/wp\/v2\/comments?post=595"}],"version-history":[{"count":12,"href":"https:\/\/afgrc.com\/index.php\/wp-json\/wp\/v2\/pages\/595\/revisions"}],"predecessor-version":[{"id":930,"href":"https:\/\/afgrc.com\/index.php\/wp-json\/wp\/v2\/pages\/595\/revisions\/930"}],"wp:attachment":[{"href":"https:\/\/afgrc.com\/index.php\/wp-json\/wp\/v2\/media?parent=595"}],"curies":[{"name":"wp","href":"https:\/\/api.w.org\/{rel}","templated":true}]}}